{"id":18221,"date":"2025-11-06T12:28:50","date_gmt":"2025-11-06T12:28:50","guid":{"rendered":"https:\/\/blocatclimbing.com\/?page_id=18221"},"modified":"2025-11-09T11:36:31","modified_gmt":"2025-11-09T11:36:31","slug":"blocateam","status":"publish","type":"page","link":"https:\/\/blocatclimbing.com\/index.php\/blocateam\/","title":{"rendered":"Blocat team"},"content":{"rendered":"<p>[vc_row css_animation=&#8221;&#8221; row_type=&#8221;row&#8221; use_row_as_full_screen_section=&#8221;no&#8221; type=&#8221;full_width&#8221; angled_section=&#8221;no&#8221; text_align=&#8221;left&#8221; background_image_as_pattern=&#8221;without_pattern&#8221;][vc_column][vc_empty_space][vc_empty_space][\/vc_column][\/vc_row][vc_row css_animation=&#8221;&#8221; row_type=&#8221;row&#8221; use_row_as_full_screen_section=&#8221;no&#8221; type=&#8221;full_width&#8221; angled_section=&#8221;no&#8221; text_align=&#8221;left&#8221; background_image_as_pattern=&#8221;without_pattern&#8221;][vc_column][vc_column_text]El <strong data-start=\"3\" data-end=\"18\">BLOCAT TEAM<\/strong> \u00e9s el nou grup de tecnificaci\u00f3 d\u2019escalada pensat per a nois i noies de <strong data-start=\"90\" data-end=\"106\">13 a 18 anys<\/strong> que volen anar una mica m\u00e9s enll\u00e0 que venir a escalar de tant en tant. \u00c9s un espai d\u2019entrenament on treballarem <strong data-start=\"219\" data-end=\"266\">t\u00e8cnica, for\u00e7a, mobilitat i t\u00e0ctica de bloc<\/strong>, per\u00f2 tamb\u00e9 h\u00e0bits d\u2019entrenament i actitud davant del repte. Les sessions aniran dirigides per un <strong data-start=\"365\" data-end=\"427\">entrenador especialitzat i amb experi\u00e8ncia amb adolescents<\/strong>, perqu\u00e8 l\u2019entrenament sigui segur, progressiu i motivador.<\/p>\n<p>&nbsp;<\/p>\n<p>Els grups d&#8217;entrenament per a joves del curs 25-26 comen\u00e7aran el 2 de desembre. Totes les inscripcions s&#8217;han de fer online i les places s&#8217;adjudicaran per ordre d&#8217;arribada.<\/p>\n<p>&nbsp;<\/p>\n<p><strong>HORARIS:<\/strong><\/p>\n<p>Dimarts i dijous de 18 a 19:30h<\/p>\n<p>&nbsp;<\/p>\n<p>DIA DE PROVA GRATU\u00cfT: 18 i 20 de novembre de 18 a 19:30h (apuntar-se al formulari de m\u00e9s a baix)<\/p>\n<p>&nbsp;<\/p>\n<p><strong>QUOTES<\/strong><\/p>\n<p>Matr\u00edcula: 30\u20ac*<\/p>\n<p>Socis:<\/p>\n<p>1 dia a la setmana: 25\u20ac\/mes<\/p>\n<p>2 dies a la setmana: 35\u20ac\/mes<\/p>\n<p>No socis:<\/p>\n<p>1 dia a la setmana: 50\u20ac\/mes<\/p>\n<p>2 dies a la setmana: 65\u20ac\/mes<\/p>\n<p><span class=\"xr_tl Normal_Text xr_s22\"><span class=\"Normal_Text xr_s21\">IMPORTANT: <\/span><\/span><span class=\"xr_tl Normal_Text xr_s22\"><span class=\"Normal_Text xr_s3\">Si <\/span><\/span><span class=\"xr_tl Normal_Text xr_s22\"><span class=\"Normal_Text xr_s3\">un <\/span><\/span><span class=\"xr_tl Normal_Text xr_s22\"><span class=\"Normal_Text xr_s3\">rebut <\/span><\/span><span class=\"xr_tl Normal_Text xr_s22\"><span class=\"Normal_Text xr_s3\">ens <\/span><\/span><span class=\"xr_tl Normal_Text xr_s22\"><span class=\"Normal_Text xr_s3\">\u00e9s <\/span><\/span><span class=\"xr_tl Normal_Text xr_s22\"><span class=\"Normal_Text xr_s3\">retornat, caldr\u00e0 fer el pagament a Blocat <\/span><\/span><span class=\"xr_tl Normal_Text xr_s20\"><span class=\"Normal_Text xr_s3\">(amb 3,63\u20ac de rec\u00e0rrec). Aquests rec\u00e0rrecs s\u00f3n els que ens aplica el banc quan hi ha algun rebut retornat.<\/span><\/span><\/p>\n<p>* La matr\u00edcula s&#8217;aplicar\u00e0 tant a noves altes com a aquells que s&#8217;hagin donat de baixa i es tornin a inscriure.<\/p>\n<p>&nbsp;<\/p>\n<p><strong>DOMICILIACI\u00d3<\/strong><\/p>\n<p>Totes les quotes es passaran per domiciliaci\u00f3 banc\u00e0ria.<\/p>\n<p>&nbsp;<\/p>\n<p><strong>DISPONIBILITAT<\/strong><\/p>\n<p>En el formulari d&#8217;inscripci\u00f3 haureu d&#8217;indicar la vostra disponibilitat i nosaltres farem els grups en funci\u00f3 de la demanda i del nivell. Podeu indicar tants dies com tingueu disponibles.<\/p>\n<p>&nbsp;<\/p>\n<p><strong>CONFIRMACI\u00d3 DE PLA\u00c7A<\/strong><\/p>\n<p>Un cop finalitzada la preinscripci\u00f3 rebreu un correu automatitzat indicant que us heu preinscrit correctament. En el moment que se us adjudiqui la pla\u00e7a rebreu un nou correu indicant-ho.<\/p>\n<p>&nbsp;<\/p>\n<p><strong>LLISTA D&#8217;ESPERA<\/strong><\/p>\n<p>En cas que un grup estigui ple o no s&#8217;obri quedareu en llista d&#8217;espera. Quan hi hagi pla\u00e7a disponible ens posarem en contacte amb vosaltres.[\/vc_column_text][\/vc_column][\/vc_row][vc_row css_animation=&#8221;&#8221; row_type=&#8221;row&#8221; use_row_as_full_screen_section=&#8221;no&#8221; type=&#8221;full_width&#8221; angled_section=&#8221;no&#8221; text_align=&#8221;left&#8221; background_image_as_pattern=&#8221;without_pattern&#8221;][vc_column][vc_empty_space][vc_empty_space][\/vc_column][\/vc_row][vc_row css_animation=&#8221;&#8221; row_type=&#8221;row&#8221; use_row_as_full_screen_section=&#8221;no&#8221; type=&#8221;full_width&#8221; angled_section=&#8221;no&#8221; text_align=&#8221;left&#8221; background_image_as_pattern=&#8221;without_pattern&#8221;][vc_column]<div class='q_icon_with_title very_large normal_icon center '><div class=\"icon_holder \" style=\" \"><span data-icon-type=\"normal\"   style=\"\" class=\"qode_iwt_icon_holder q_font_awsome_icon fa-5x  \"><span aria-hidden=\"true\" class=\"qode_icon_font_elegant  qode_iwt_icon_element\" style=\"color: #b34817;\" ><\/span><\/span><\/div><div class=\"icon_text_holder\" style=\"\"><div class=\"icon_text_inner\" style=\"\"><h5 class=\"icon_title\" style=\"color: #b34817;font-weight: 900;\"><\/h5><p style='color: #b34817'><\/p><a itemprop='url' class='icon_with_title_link' href='https:\/\/blocat.playoffinformatica.com\/preinscripcio\/11\/PREINSCRIPCIO-BLOCAT-TEAM-Grup-de-tecnificacio-juvenil\/' target='_self' style='color: #b34817;'>INSCRIURE'M<\/a><\/div><\/div><\/div>[\/vc_column][\/vc_row][vc_row css_animation=&#8221;&#8221; row_type=&#8221;row&#8221; use_row_as_full_screen_section=&#8221;no&#8221; type=&#8221;full_width&#8221; angled_section=&#8221;no&#8221; text_align=&#8221;left&#8221; background_image_as_pattern=&#8221;without_pattern&#8221;][vc_column]<div class='q_icon_with_title very_large normal_icon center '><div class=\"icon_holder \" style=\" \"><span data-icon-type=\"normal\"   style=\"\" class=\"qode_iwt_icon_holder q_font_awsome_icon fa-5x  \"><span aria-hidden=\"true\" class=\"qode_icon_font_elegant  qode_iwt_icon_element\" style=\"color: #b34817;\" ><\/span><\/span><\/div><div class=\"icon_text_holder\" style=\"\"><div class=\"icon_text_inner\" style=\"\"><h5 class=\"icon_title\" style=\"color: #b34817;font-weight: 900;\"><\/h5><p style='color: #b34817'><\/p><a itemprop='url' class='icon_with_title_link' href='https:\/\/docs.google.com\/forms\/d\/e\/1FAIpQLSemslC7dxn8SPAJhZFIobgnbCVClrOIGLfD0DCHuUixPDU5iw\/viewform' target='_self' style='color: #b34817;'>APUNTAR-ME AL DIA DE PROVA<\/a><\/div><\/div><\/div>[\/vc_column][\/vc_row][vc_row css_animation=&#8221;&#8221; row_type=&#8221;row&#8221; use_row_as_full_screen_section=&#8221;no&#8221; type=&#8221;full_width&#8221; angled_section=&#8221;no&#8221; text_align=&#8221;left&#8221; background_image_as_pattern=&#8221;without_pattern&#8221;][vc_column][vc_empty_space][vc_empty_space][vc_empty_space][\/vc_column][\/vc_row]<\/p>\n","protected":false},"excerpt":{"rendered":"<p>[vc_row css_animation=&#8221;&#8221; row_type=&#8221;row&#8221; use_row_as_full_screen_section=&#8221;no&#8221; type=&#8221;full_width&#8221; angled_section=&#8221;no&#8221; text_align=&#8221;left&#8221; background_image_as_pattern=&#8221;without_pattern&#8221;][vc_column][vc_empty_space][vc_empty_space][\/vc_column][\/vc_row][vc_row css_animation=&#8221;&#8221; row_type=&#8221;row&#8221; use_row_as_full_screen_section=&#8221;no&#8221; type=&#8221;full_width&#8221; angled_section=&#8221;no&#8221; text_align=&#8221;left&#8221; background_image_as_pattern=&#8221;without_pattern&#8221;][vc_column][vc_column_text]El BLOCAT TEAM \u00e9s el nou grup de tecnificaci\u00f3 d\u2019escalada pensat per a nois i noies de 13 a 18 anys que volen anar una mica m\u00e9s enll\u00e0 que venir a&#8230;<\/p>\n","protected":false},"author":1,"featured_media":0,"parent":0,"menu_order":0,"comment_status":"closed","ping_status":"closed","template":"","meta":[],"yoast_head":"<!-- This site is optimized with the Yoast SEO plugin v15.2 - https:\/\/yoast.com\/wordpress\/plugins\/seo\/ -->\n<title>Blocat | Blocat team<\/title>\n<meta name=\"description\" content=\"Descobreix les diferents ofertes de preobertura de Blocat, el nou centre d&#039;escalada de la comarca d&#039;Osona.\" \/>\n<meta name=\"robots\" content=\"index, follow, max-snippet:-1, max-image-preview:large, max-video-preview:-1\" \/>\n<link rel=\"canonical\" href=\"https:\/\/blocatclimbing.com\/index.php\/blocateam\/\" \/>\n<meta property=\"og:locale\" content=\"es_ES\" \/>\n<meta property=\"og:type\" content=\"article\" \/>\n<meta property=\"og:title\" content=\"Blocat | Blocat team\" \/>\n<meta property=\"og:description\" content=\"Descobreix les diferents ofertes de preobertura de Blocat, el nou centre d&#039;escalada de la comarca d&#039;Osona.\" \/>\n<meta property=\"og:url\" content=\"https:\/\/blocatclimbing.com\/index.php\/blocateam\/\" \/>\n<meta property=\"og:site_name\" content=\"Blocat\" \/>\n<meta property=\"article:modified_time\" content=\"2025-11-09T11:36:31+00:00\" \/>\n<meta name=\"twitter:card\" content=\"summary_large_image\" \/>\n<meta name=\"twitter:label1\" value=\"Escrito por\">\n\t<meta name=\"twitter:data1\" value=\"admin\">\n\t<meta name=\"twitter:label2\" value=\"Tiempo de lectura\">\n\t<meta name=\"twitter:data2\" value=\"3 minutos\">\n<script type=\"application\/ld+json\" class=\"yoast-schema-graph\">{\"@context\":\"https:\/\/schema.org\",\"@graph\":[{\"@type\":\"WebSite\",\"@id\":\"https:\/\/blocatclimbing.com\/#website\",\"url\":\"https:\/\/blocatclimbing.com\/\",\"name\":\"Blocat\",\"description\":\"La pedra i la m&agrave;\",\"potentialAction\":[{\"@type\":\"SearchAction\",\"target\":\"https:\/\/blocatclimbing.com\/?s={search_term_string}\",\"query-input\":\"required name=search_term_string\"}],\"inLanguage\":\"es\"},{\"@type\":\"WebPage\",\"@id\":\"https:\/\/blocatclimbing.com\/index.php\/blocateam\/#webpage\",\"url\":\"https:\/\/blocatclimbing.com\/index.php\/blocateam\/\",\"name\":\"Blocat | Blocat team\",\"isPartOf\":{\"@id\":\"https:\/\/blocatclimbing.com\/#website\"},\"datePublished\":\"2025-11-06T12:28:50+00:00\",\"dateModified\":\"2025-11-09T11:36:31+00:00\",\"description\":\"Descobreix les diferents ofertes de preobertura de Blocat, el nou centre d'escalada de la comarca d'Osona.\",\"inLanguage\":\"es\",\"potentialAction\":[{\"@type\":\"ReadAction\",\"target\":[\"https:\/\/blocatclimbing.com\/index.php\/blocateam\/\"]}]}]}<\/script>\n<!-- \/ Yoast SEO plugin. -->","_links":{"self":[{"href":"https:\/\/blocatclimbing.com\/index.php\/wp-json\/wp\/v2\/pages\/18221"}],"collection":[{"href":"https:\/\/blocatclimbing.com\/index.php\/wp-json\/wp\/v2\/pages"}],"about":[{"href":"https:\/\/blocatclimbing.com\/index.php\/wp-json\/wp\/v2\/types\/page"}],"author":[{"embeddable":true,"href":"https:\/\/blocatclimbing.com\/index.php\/wp-json\/wp\/v2\/users\/1"}],"replies":[{"embeddable":true,"href":"https:\/\/blocatclimbing.com\/index.php\/wp-json\/wp\/v2\/comments?post=18221"}],"version-history":[{"count":5,"href":"https:\/\/blocatclimbing.com\/index.php\/wp-json\/wp\/v2\/pages\/18221\/revisions"}],"predecessor-version":[{"id":18230,"href":"https:\/\/blocatclimbing.com\/index.php\/wp-json\/wp\/v2\/pages\/18221\/revisions\/18230"}],"wp:attachment":[{"href":"https:\/\/blocatclimbing.com\/index.php\/wp-json\/wp\/v2\/media?parent=18221"}],"curies":[{"name":"wp","href":"https:\/\/api.w.org\/{rel}","templated":true}]}}

<p>[vc_row css_animation=&#8221;&#8221; row_type=&#8221;row&#8221; use_row_as_full_screen_section=&#8221;no&#8221; type=&#8221;full_width&#8221; angled_section=&#8221;no&#8221; text_align=&#8221;left&#8221; background_image_as_pattern=&#8221;without_pattern&#8221;][vc_column][vc_empty_space][vc_empty_space][/vc_column][/vc_row][vc_row css_animation=&#8221;&#8221; row_type=&#8221;row&#8221; use_row_as_full_screen_section=&#8221;no&#8221; type=&#8221;full_width&#8221; angled_section=&#8221;no&#8221; text_align=&#8221;left&#8221; background_image_as_pattern=&#8221;without_pattern&#8221;][vc_column][vc_column_text]El <strong data-start="3" data-end="18">BLOCAT TEAM</strong> és el nou grup de tecnificació d’escalada pensat per a nois i noies de <strong data-start="90" data-end="106">13 a 18 anys</strong> que volen anar una mica més enllà que venir a escalar de tant en tant. És un espai d’entrenament on treballarem <strong data-start="219" data-end="266">tècnica, força, mobilitat i tàctica de bloc</strong>, però també hàbits d’entrenament i actitud davant del repte. Les sessions aniran dirigides per un <strong data-start="365" data-end="427">entrenador especialitzat i amb experiència amb adolescents</strong>, perquè l’entrenament sigui segur, progressiu i motivador.</p>
<p>&nbsp;</p>
<p>Els grups d&#8217;entrenament per a joves del curs 25-26 començaran el 2 de desembre. Totes les inscripcions s&#8217;han de fer online i les places s&#8217;adjudicaran per ordre d&#8217;arribada.</p>
<p>&nbsp;</p>
<p><strong>HORARIS:</strong></p>
<p>Dimarts i dijous de 18 a 19:30h</p>
<p>&nbsp;</p>
<p>DIA DE PROVA GRATUÏT: 18 i 20 de novembre de 18 a 19:30h (apuntar-se al formulari de més a baix)</p>
<p>&nbsp;</p>
<p><strong>QUOTES</strong></p>
<p>Matrícula: 30€*</p>
<p>Socis:</p>
<p>1 dia a la setmana: 25€/mes</p>
<p>2 dies a la setmana: 35€/mes</p>
<p>No socis:</p>
<p>1 dia a la setmana: 50€/mes</p>
<p>2 dies a la setmana: 65€/mes</p>
<p><span class="xr_tl Normal_Text xr_s22"><span class="Normal_Text xr_s21">IMPORTANT: </span></span><span class="xr_tl Normal_Text xr_s22"><span class="Normal_Text xr_s3">Si </span></span><span class="xr_tl Normal_Text xr_s22"><span class="Normal_Text xr_s3">un </span></span><span class="xr_tl Normal_Text xr_s22"><span class="Normal_Text xr_s3">rebut </span></span><span class="xr_tl Normal_Text xr_s22"><span class="Normal_Text xr_s3">ens </span></span><span class="xr_tl Normal_Text xr_s22"><span class="Normal_Text xr_s3">és </span></span><span class="xr_tl Normal_Text xr_s22"><span class="Normal_Text xr_s3">retornat, caldrà fer el pagament a Blocat </span></span><span class="xr_tl Normal_Text xr_s20"><span class="Normal_Text xr_s3">(amb 3,63€ de recàrrec). Aquests recàrrecs són els que ens aplica el banc quan hi ha algun rebut retornat.</span></span></p>
<p>* La matrícula s&#8217;aplicarà tant a noves altes com a aquells que s&#8217;hagin donat de baixa i es tornin a inscriure.</p>
<p>&nbsp;</p>
<p><strong>DOMICILIACIÓ</strong></p>
<p>Totes les quotes es passaran per domiciliació bancària.</p>
<p>&nbsp;</p>
<p><strong>DISPONIBILITAT</strong></p>
<p>En el formulari d&#8217;inscripció haureu d&#8217;indicar la vostra disponibilitat i nosaltres farem els grups en funció de la demanda i del nivell. Podeu indicar tants dies com tingueu disponibles.</p>
<p>&nbsp;</p>
<p><strong>CONFIRMACIÓ DE PLAÇA</strong></p>
<p>Un cop finalitzada la preinscripció rebreu un correu automatitzat indicant que us heu preinscrit correctament. En el moment que se us adjudiqui la plaça rebreu un nou correu indicant-ho.</p>
<p>&nbsp;</p>
<p><strong>LLISTA D&#8217;ESPERA</strong></p>
<p>En cas que un grup estigui ple o no s&#8217;obri quedareu en llista d&#8217;espera. Quan hi hagi plaça disponible ens posarem en contacte amb vosaltres.[/vc_column_text][/vc_column][/vc_row][vc_row css_animation=&#8221;&#8221; row_type=&#8221;row&#8221; use_row_as_full_screen_section=&#8221;no&#8221; type=&#8221;full_width&#8221; angled_section=&#8221;no&#8221; text_align=&#8221;left&#8221; background_image_as_pattern=&#8221;without_pattern&#8221;][vc_column][vc_empty_space][vc_empty_space][/vc_column][/vc_row][vc_row css_animation=&#8221;&#8221; row_type=&#8221;row&#8221; use_row_as_full_screen_section=&#8221;no&#8221; type=&#8221;full_width&#8221; angled_section=&#8221;no&#8221; text_align=&#8221;left&#8221; background_image_as_pattern=&#8221;without_pattern&#8221;][vc_column]<div class='q_icon_with_title very_large normal_icon center '><div class="icon_holder " style=" "><span data-icon-type="normal"   style="" class="qode_iwt_icon_holder q_font_awsome_icon fa-5x  "><span aria-hidden="true" class="qode_icon_font_elegant  qode_iwt_icon_element" style="color: #b34817;" ></span></span></div><div class="icon_text_holder" style=""><div class="icon_text_inner" style=""><h5 class="icon_title" style="color: #b34817;font-weight: 900;"></h5><p style='color: #b34817'></p><a itemprop='url' class='icon_with_title_link' href='https://blocat.playoffinformatica.com/preinscripcio/11/PREINSCRIPCIO-BLOCAT-TEAM-Grup-de-tecnificacio-juvenil/' target='_self' style='color: #b34817;'>INSCRIURE'M</a></div></div></div>[/vc_column][/vc_row][vc_row css_animation=&#8221;&#8221; row_type=&#8221;row&#8221; use_row_as_full_screen_section=&#8221;no&#8221; type=&#8221;full_width&#8221; angled_section=&#8221;no&#8221; text_align=&#8221;left&#8221; background_image_as_pattern=&#8221;without_pattern&#8221;][vc_column]<div class='q_icon_with_title very_large normal_icon center '><div class="icon_holder " style=" "><span data-icon-type="normal"   style="" class="qode_iwt_icon_holder q_font_awsome_icon fa-5x  "><span aria-hidden="true" class="qode_icon_font_elegant  qode_iwt_icon_element" style="color: #b34817;" ></span></span></div><div class="icon_text_holder" style=""><div class="icon_text_inner" style=""><h5 class="icon_title" style="color: #b34817;font-weight: 900;"></h5><p style='color: #b34817'></p><a itemprop='url' class='icon_with_title_link' href='https://docs.google.com/forms/d/e/1FAIpQLSemslC7dxn8SPAJhZFIobgnbCVClrOIGLfD0DCHuUixPDU5iw/viewform' target='_self' style='color: #b34817;'>APUNTAR-ME AL DIA DE PROVA</a></div></div></div>[/vc_column][/vc_row][vc_row css_animation=&#8221;&#8221; row_type=&#8221;row&#8221; use_row_as_full_screen_section=&#8221;no&#8221; type=&#8221;full_width&#8221; angled_section=&#8221;no&#8221; text_align=&#8221;left&#8221; background_image_as_pattern=&#8221;without_pattern&#8221;][vc_column][vc_empty_space][vc_empty_space][vc_empty_space][/vc_column][/vc_row]</p>

<p>[vc_row css_animation=&#8221;&#8221; row_type=&#8221;row&#8221; use_row_as_full_screen_section=&#8221;no&#8221; type=&#8221;full_width&#8221; angled_section=&#8221;no&#8221; text_align=&#8221;left&#8221; background_image_as_pattern=&#8221;without_pattern&#8221;][vc_column][vc_empty_space][vc_empty_space][/vc_column][/vc_row][vc_row css_animation=&#8221;&#8221; row_type=&#8221;row&#8221; use_row_as_full_screen_section=&#8221;no&#8221; type=&#8221;full_width&#8221; angled_section=&#8221;no&#8221; text_align=&#8221;left&#8221; background_image_as_pattern=&#8221;without_pattern&#8221;][vc_column][vc_column_text]El BLOCAT TEAM és el nou grup de tecnificació d’escalada pensat per a nois i noies de 13 a 18 anys que volen anar una mica més enllà que venir a&#8230;</p>
