{"id":18010,"date":"2023-06-26T08:59:17","date_gmt":"2023-06-26T08:59:17","guid":{"rendered":"https:\/\/blocatclimbing.com\/?page_id=18010"},"modified":"2025-07-02T10:17:03","modified_gmt":"2025-07-02T10:17:03","slug":"extraescolars-v2","status":"publish","type":"page","link":"https:\/\/blocatclimbing.com\/index.php\/extraescolars-v2\/","title":{"rendered":"Extraescolars v2"},"content":{"rendered":"<p>[vc_row css_animation=&#8221;&#8221; row_type=&#8221;row&#8221; use_row_as_full_screen_section=&#8221;no&#8221; type=&#8221;full_width&#8221; angled_section=&#8221;no&#8221; text_align=&#8221;left&#8221; background_image_as_pattern=&#8221;without_pattern&#8221;][vc_column][vc_empty_space][vc_empty_space][\/vc_column][\/vc_row][vc_row css_animation=&#8221;&#8221; row_type=&#8221;row&#8221; use_row_as_full_screen_section=&#8221;no&#8221; type=&#8221;full_width&#8221; angled_section=&#8221;no&#8221; text_align=&#8221;left&#8221; background_image_as_pattern=&#8221;without_pattern&#8221;][vc_column][vc_column_text]Els extraescolars del curs 25-26 comen\u00e7aran el 8 de setembre. Totes les inscripcions s&#8217;han de fer online i les places s&#8217;adjudicaran per ordre d&#8217;arribada.<\/p>\n<p>&nbsp;<\/p>\n<p>HORARIS: De dilluns a dijous<\/p>\n<p>Grup A: 5 anys i prim\u00e0ria &#8211; de 18 a 19h<\/p>\n<p>Grup B: 1r a 4t ESO &#8211; de 19 a 20h<\/p>\n<p>&nbsp;<\/p>\n<p><strong>MATR\u00cdCULA<\/strong><\/p>\n<p>La matr\u00edcula \u00e9s de 30\u20ac.<\/p>\n<p>Aquest import no ser\u00e0 retornat ja que actua com a reserva de pla\u00e7a.<\/p>\n<p>&nbsp;<\/p>\n<p><strong>QUOTES<\/strong><\/p>\n<p>El preu per 1 dia a la setmana \u00e9s de 38\u20ac mensuals.<\/p>\n<p>El preu per 2 dies a la setmana \u00e9s de 58\u20ac mensuals.<\/p>\n<p>Lloguer peus de gat 1 dia a la setmana: 10\u20ac\/mes<\/p>\n<p>Lloguer peus de gat dos dies a la setmana: 20\u20ac\/mes<\/p>\n<p><span class=\"xr_tl Normal_Text xr_s22\"><span class=\"Normal_Text xr_s21\">IMPORTANT: <\/span><\/span><span class=\"xr_tl Normal_Text xr_s22\"><span class=\"Normal_Text xr_s3\">Si <\/span><\/span><span class=\"xr_tl Normal_Text xr_s22\"><span class=\"Normal_Text xr_s3\">un <\/span><\/span><span class=\"xr_tl Normal_Text xr_s22\"><span class=\"Normal_Text xr_s3\">rebut <\/span><\/span><span class=\"xr_tl Normal_Text xr_s22\"><span class=\"Normal_Text xr_s3\">ens <\/span><\/span><span class=\"xr_tl Normal_Text xr_s22\"><span class=\"Normal_Text xr_s3\">\u00e9s <\/span><\/span><span class=\"xr_tl Normal_Text xr_s22\"><span class=\"Normal_Text xr_s3\">retornat, caldr\u00e0 fer el pagament a Blocat <\/span><\/span><span class=\"xr_tl Normal_Text xr_s20\"><span class=\"Normal_Text xr_s3\">(amb 3,63\u20ac de rec\u00e0rrec). Aquests rec\u00e0rrecs s\u00f3n els que ens aplica el banc quan hi ha algun rebut retornat.<\/span><\/span><\/p>\n<p>&nbsp;<\/p>\n<p><strong>DOMICILIACI\u00d3<\/strong><\/p>\n<p>Totes les quotes es passaran per domiciliaci\u00f3 banc\u00e0ria.<\/p>\n<p>Les matr\u00edcules realitzades durant l\u2019estiu es cobraran a inicis del mes seg\u00fcent. Les matr\u00edcules realitzades durant el curs escolar es cobraran en el moment de la inscripci\u00f3 juntament amb la part proporcional del mes en curs.<\/p>\n<p>&nbsp;<\/p>\n<p><strong>DISPONIBILITAT<\/strong><\/p>\n<p>En el formulari d&#8217;inscripci\u00f3 haureu d&#8217;indicar la vostra disponibilitat i nosaltres farem els grups en funci\u00f3 de la demanda. Podeu indicar tants dies com tingueu disponibles.<\/p>\n<p>&nbsp;<\/p>\n<p><strong>CONFIRMACI\u00d3 DE PLA\u00c7A<\/strong><\/p>\n<p>Un cop finalitzada la preinscripci\u00f3 rebreu un correu automatitzat indicant que us heu preinscrit correctament. En el moment que se us adjudiqui la pla\u00e7a rebreu un nou correu indicant-ho.<\/p>\n<p>&nbsp;<\/p>\n<p><strong>LLISTA D&#8217;ESPERA<\/strong><\/p>\n<p>En cas que un grup estigui ple o no s&#8217;obri quedareu en llista d&#8217;espera. Quan hi hagi pla\u00e7a disponible ens posarem en contacte amb vosaltres.<\/p>\n<p>La matr\u00edcula no es cobrar\u00e0 en el cas que alg\u00fa quedi en llista d\u2019espera.[\/vc_column_text][\/vc_column][\/vc_row][vc_row css_animation=&#8221;&#8221; row_type=&#8221;row&#8221; use_row_as_full_screen_section=&#8221;no&#8221; type=&#8221;full_width&#8221; angled_section=&#8221;no&#8221; text_align=&#8221;left&#8221; background_image_as_pattern=&#8221;without_pattern&#8221;][vc_column][vc_empty_space][vc_empty_space][\/vc_column][\/vc_row][vc_row css_animation=&#8221;&#8221; row_type=&#8221;row&#8221; use_row_as_full_screen_section=&#8221;no&#8221; type=&#8221;full_width&#8221; angled_section=&#8221;no&#8221; text_align=&#8221;left&#8221; background_image_as_pattern=&#8221;without_pattern&#8221;][vc_column]<div class='q_icon_with_title very_large normal_icon center '><div class=\"icon_holder \" style=\" \"><span data-icon-type=\"normal\"   style=\"\" class=\"qode_iwt_icon_holder q_font_awsome_icon fa-5x  \"><span aria-hidden=\"true\" class=\"qode_icon_font_elegant  qode_iwt_icon_element\" style=\"color: #b34817;\" ><\/span><\/span><\/div><div class=\"icon_text_holder\" style=\"\"><div class=\"icon_text_inner\" style=\"\"><h5 class=\"icon_title\" style=\"color: #b34817;font-weight: 900;\"><\/h5><p style='color: #b34817'><\/p><a itemprop='url' class='icon_with_title_link' href='https:\/\/blocat.playoffinformatica.com\/preinscripcio\/' target='_self' style=''>INSCRIURE'M<\/a><\/div><\/div><\/div>[\/vc_column][\/vc_row][vc_row css_animation=&#8221;&#8221; row_type=&#8221;row&#8221; use_row_as_full_screen_section=&#8221;no&#8221; type=&#8221;full_width&#8221; angled_section=&#8221;no&#8221; text_align=&#8221;left&#8221; background_image_as_pattern=&#8221;without_pattern&#8221;][vc_column][vc_empty_space][vc_empty_space][vc_empty_space][\/vc_column][\/vc_row]<\/p>\n","protected":false},"excerpt":{"rendered":"<p>[vc_row css_animation=&#8221;&#8221; row_type=&#8221;row&#8221; use_row_as_full_screen_section=&#8221;no&#8221; type=&#8221;full_width&#8221; angled_section=&#8221;no&#8221; text_align=&#8221;left&#8221; background_image_as_pattern=&#8221;without_pattern&#8221;][vc_column][vc_empty_space][vc_empty_space][\/vc_column][\/vc_row][vc_row css_animation=&#8221;&#8221; row_type=&#8221;row&#8221; use_row_as_full_screen_section=&#8221;no&#8221; type=&#8221;full_width&#8221; angled_section=&#8221;no&#8221; text_align=&#8221;left&#8221; background_image_as_pattern=&#8221;without_pattern&#8221;][vc_column][vc_column_text]Els extraescolars del curs 25-26 comen\u00e7aran el 8 de setembre. Totes les inscripcions s&#8217;han de fer online i les places s&#8217;adjudicaran per ordre d&#8217;arribada. &nbsp; HORARIS: De dilluns a dijous Grup&#8230;<\/p>\n","protected":false},"author":1,"featured_media":0,"parent":0,"menu_order":0,"comment_status":"closed","ping_status":"closed","template":"","meta":[],"yoast_head":"<!-- This site is optimized with the Yoast SEO plugin v15.2 - https:\/\/yoast.com\/wordpress\/plugins\/seo\/ -->\n<title>Blocat | Extraescolars v2<\/title>\n<meta name=\"description\" content=\"Descobreix les diferents ofertes de preobertura de Blocat, el nou centre d&#039;escalada de la comarca d&#039;Osona.\" \/>\n<meta name=\"robots\" content=\"index, follow, max-snippet:-1, max-image-preview:large, max-video-preview:-1\" \/>\n<link rel=\"canonical\" href=\"https:\/\/blocatclimbing.com\/index.php\/extraescolars-v2\/\" \/>\n<meta property=\"og:locale\" content=\"es_ES\" \/>\n<meta property=\"og:type\" content=\"article\" \/>\n<meta property=\"og:title\" content=\"Blocat | Extraescolars v2\" \/>\n<meta property=\"og:description\" content=\"Descobreix les diferents ofertes de preobertura de Blocat, el nou centre d&#039;escalada de la comarca d&#039;Osona.\" \/>\n<meta property=\"og:url\" content=\"https:\/\/blocatclimbing.com\/index.php\/extraescolars-v2\/\" \/>\n<meta property=\"og:site_name\" content=\"Blocat\" \/>\n<meta property=\"article:modified_time\" content=\"2025-07-02T10:17:03+00:00\" \/>\n<meta name=\"twitter:card\" content=\"summary_large_image\" \/>\n<meta name=\"twitter:label1\" value=\"Escrito por\">\n\t<meta name=\"twitter:data1\" value=\"admin\">\n\t<meta name=\"twitter:label2\" value=\"Tiempo de lectura\">\n\t<meta name=\"twitter:data2\" value=\"2 minutos\">\n<script type=\"application\/ld+json\" class=\"yoast-schema-graph\">{\"@context\":\"https:\/\/schema.org\",\"@graph\":[{\"@type\":\"WebSite\",\"@id\":\"https:\/\/blocatclimbing.com\/#website\",\"url\":\"https:\/\/blocatclimbing.com\/\",\"name\":\"Blocat\",\"description\":\"La pedra i la m&agrave;\",\"potentialAction\":[{\"@type\":\"SearchAction\",\"target\":\"https:\/\/blocatclimbing.com\/?s={search_term_string}\",\"query-input\":\"required name=search_term_string\"}],\"inLanguage\":\"es\"},{\"@type\":\"WebPage\",\"@id\":\"https:\/\/blocatclimbing.com\/index.php\/extraescolars-v2\/#webpage\",\"url\":\"https:\/\/blocatclimbing.com\/index.php\/extraescolars-v2\/\",\"name\":\"Blocat | Extraescolars v2\",\"isPartOf\":{\"@id\":\"https:\/\/blocatclimbing.com\/#website\"},\"datePublished\":\"2023-06-26T08:59:17+00:00\",\"dateModified\":\"2025-07-02T10:17:03+00:00\",\"description\":\"Descobreix les diferents ofertes de preobertura de Blocat, el nou centre d'escalada de la comarca d'Osona.\",\"inLanguage\":\"es\",\"potentialAction\":[{\"@type\":\"ReadAction\",\"target\":[\"https:\/\/blocatclimbing.com\/index.php\/extraescolars-v2\/\"]}]}]}<\/script>\n<!-- \/ Yoast SEO plugin. -->","_links":{"self":[{"href":"https:\/\/blocatclimbing.com\/index.php\/wp-json\/wp\/v2\/pages\/18010"}],"collection":[{"href":"https:\/\/blocatclimbing.com\/index.php\/wp-json\/wp\/v2\/pages"}],"about":[{"href":"https:\/\/blocatclimbing.com\/index.php\/wp-json\/wp\/v2\/types\/page"}],"author":[{"embeddable":true,"href":"https:\/\/blocatclimbing.com\/index.php\/wp-json\/wp\/v2\/users\/1"}],"replies":[{"embeddable":true,"href":"https:\/\/blocatclimbing.com\/index.php\/wp-json\/wp\/v2\/comments?post=18010"}],"version-history":[{"count":5,"href":"https:\/\/blocatclimbing.com\/index.php\/wp-json\/wp\/v2\/pages\/18010\/revisions"}],"predecessor-version":[{"id":18210,"href":"https:\/\/blocatclimbing.com\/index.php\/wp-json\/wp\/v2\/pages\/18010\/revisions\/18210"}],"wp:attachment":[{"href":"https:\/\/blocatclimbing.com\/index.php\/wp-json\/wp\/v2\/media?parent=18010"}],"curies":[{"name":"wp","href":"https:\/\/api.w.org\/{rel}","templated":true}]}}

<p>[vc_row css_animation=&#8221;&#8221; row_type=&#8221;row&#8221; use_row_as_full_screen_section=&#8221;no&#8221; type=&#8221;full_width&#8221; angled_section=&#8221;no&#8221; text_align=&#8221;left&#8221; background_image_as_pattern=&#8221;without_pattern&#8221;][vc_column][vc_empty_space][vc_empty_space][/vc_column][/vc_row][vc_row css_animation=&#8221;&#8221; row_type=&#8221;row&#8221; use_row_as_full_screen_section=&#8221;no&#8221; type=&#8221;full_width&#8221; angled_section=&#8221;no&#8221; text_align=&#8221;left&#8221; background_image_as_pattern=&#8221;without_pattern&#8221;][vc_column][vc_column_text]Els extraescolars del curs 25-26 començaran el 8 de setembre. Totes les inscripcions s&#8217;han de fer online i les places s&#8217;adjudicaran per ordre d&#8217;arribada.</p>
<p>&nbsp;</p>
<p>HORARIS: De dilluns a dijous</p>
<p>Grup A: 5 anys i primària &#8211; de 18 a 19h</p>
<p>Grup B: 1r a 4t ESO &#8211; de 19 a 20h</p>
<p>&nbsp;</p>
<p><strong>MATRÍCULA</strong></p>
<p>La matrícula és de 30€.</p>
<p>Aquest import no serà retornat ja que actua com a reserva de plaça.</p>
<p>&nbsp;</p>
<p><strong>QUOTES</strong></p>
<p>El preu per 1 dia a la setmana és de 38€ mensuals.</p>
<p>El preu per 2 dies a la setmana és de 58€ mensuals.</p>
<p>Lloguer peus de gat 1 dia a la setmana: 10€/mes</p>
<p>Lloguer peus de gat dos dies a la setmana: 20€/mes</p>
<p><span class="xr_tl Normal_Text xr_s22"><span class="Normal_Text xr_s21">IMPORTANT: </span></span><span class="xr_tl Normal_Text xr_s22"><span class="Normal_Text xr_s3">Si </span></span><span class="xr_tl Normal_Text xr_s22"><span class="Normal_Text xr_s3">un </span></span><span class="xr_tl Normal_Text xr_s22"><span class="Normal_Text xr_s3">rebut </span></span><span class="xr_tl Normal_Text xr_s22"><span class="Normal_Text xr_s3">ens </span></span><span class="xr_tl Normal_Text xr_s22"><span class="Normal_Text xr_s3">és </span></span><span class="xr_tl Normal_Text xr_s22"><span class="Normal_Text xr_s3">retornat, caldrà fer el pagament a Blocat </span></span><span class="xr_tl Normal_Text xr_s20"><span class="Normal_Text xr_s3">(amb 3,63€ de recàrrec). Aquests recàrrecs són els que ens aplica el banc quan hi ha algun rebut retornat.</span></span></p>
<p>&nbsp;</p>
<p><strong>DOMICILIACIÓ</strong></p>
<p>Totes les quotes es passaran per domiciliació bancària.</p>
<p>Les matrícules realitzades durant l’estiu es cobraran a inicis del mes següent. Les matrícules realitzades durant el curs escolar es cobraran en el moment de la inscripció juntament amb la part proporcional del mes en curs.</p>
<p>&nbsp;</p>
<p><strong>DISPONIBILITAT</strong></p>
<p>En el formulari d&#8217;inscripció haureu d&#8217;indicar la vostra disponibilitat i nosaltres farem els grups en funció de la demanda. Podeu indicar tants dies com tingueu disponibles.</p>
<p>&nbsp;</p>
<p><strong>CONFIRMACIÓ DE PLAÇA</strong></p>
<p>Un cop finalitzada la preinscripció rebreu un correu automatitzat indicant que us heu preinscrit correctament. En el moment que se us adjudiqui la plaça rebreu un nou correu indicant-ho.</p>
<p>&nbsp;</p>
<p><strong>LLISTA D&#8217;ESPERA</strong></p>
<p>En cas que un grup estigui ple o no s&#8217;obri quedareu en llista d&#8217;espera. Quan hi hagi plaça disponible ens posarem en contacte amb vosaltres.</p>
<p>La matrícula no es cobrarà en el cas que algú quedi en llista d’espera.[/vc_column_text][/vc_column][/vc_row][vc_row css_animation=&#8221;&#8221; row_type=&#8221;row&#8221; use_row_as_full_screen_section=&#8221;no&#8221; type=&#8221;full_width&#8221; angled_section=&#8221;no&#8221; text_align=&#8221;left&#8221; background_image_as_pattern=&#8221;without_pattern&#8221;][vc_column][vc_empty_space][vc_empty_space][/vc_column][/vc_row][vc_row css_animation=&#8221;&#8221; row_type=&#8221;row&#8221; use_row_as_full_screen_section=&#8221;no&#8221; type=&#8221;full_width&#8221; angled_section=&#8221;no&#8221; text_align=&#8221;left&#8221; background_image_as_pattern=&#8221;without_pattern&#8221;][vc_column]<div class='q_icon_with_title very_large normal_icon center '><div class="icon_holder " style=" "><span data-icon-type="normal"   style="" class="qode_iwt_icon_holder q_font_awsome_icon fa-5x  "><span aria-hidden="true" class="qode_icon_font_elegant  qode_iwt_icon_element" style="color: #b34817;" ></span></span></div><div class="icon_text_holder" style=""><div class="icon_text_inner" style=""><h5 class="icon_title" style="color: #b34817;font-weight: 900;"></h5><p style='color: #b34817'></p><a itemprop='url' class='icon_with_title_link' href='https://blocat.playoffinformatica.com/preinscripcio/' target='_self' style=''>INSCRIURE'M</a></div></div></div>[/vc_column][/vc_row][vc_row css_animation=&#8221;&#8221; row_type=&#8221;row&#8221; use_row_as_full_screen_section=&#8221;no&#8221; type=&#8221;full_width&#8221; angled_section=&#8221;no&#8221; text_align=&#8221;left&#8221; background_image_as_pattern=&#8221;without_pattern&#8221;][vc_column][vc_empty_space][vc_empty_space][vc_empty_space][/vc_column][/vc_row]</p>

<p>[vc_row css_animation=&#8221;&#8221; row_type=&#8221;row&#8221; use_row_as_full_screen_section=&#8221;no&#8221; type=&#8221;full_width&#8221; angled_section=&#8221;no&#8221; text_align=&#8221;left&#8221; background_image_as_pattern=&#8221;without_pattern&#8221;][vc_column][vc_empty_space][vc_empty_space][/vc_column][/vc_row][vc_row css_animation=&#8221;&#8221; row_type=&#8221;row&#8221; use_row_as_full_screen_section=&#8221;no&#8221; type=&#8221;full_width&#8221; angled_section=&#8221;no&#8221; text_align=&#8221;left&#8221; background_image_as_pattern=&#8221;without_pattern&#8221;][vc_column][vc_column_text]Els extraescolars del curs 25-26 començaran el 8 de setembre. Totes les inscripcions s&#8217;han de fer online i les places s&#8217;adjudicaran per ordre d&#8217;arribada. &nbsp; HORARIS: De dilluns a dijous Grup&#8230;</p>
